ber?
False
Is 40213 composite?
False
Is 12047 a prime number?
False
Is 40039 composite?
False
Is 153991 prime?
True
Is 31367 a prime number?
False
Is 71819 a prime number?
False
Is 38953 a composite number?
False
Is 47053 a composite number?
True
Is 41341 a prime number?
True
Is 196849 prime?
False
Is 27933 a prime number?
False
Is 11957 a composite number?
True
Is 611 prime?
False
Is 29243 a composite number?
False
Is 67663 a prime number?
False
Is 10157 composite?
True
Is 6005 a composite number?
True
Is 45703 a composite number?
True
Is 231203 composite?
True
Is 167737 a composite number?
True
Is 20869 composite?
True
Is 153377 a prime number?
False
Is 459379 a prime number?
False
Is 24169 a composite number?
False
Is 11819 a composite number?
True
Is 1655141 a prime number?
True
Is 87251 prime?
True
Is 163693 prime?
False
Is 55073 composite?
False
Is 16183 prime?
True
Is 47351 composite?
False
Is 336557 prime?
False
Is 5219 a composite number?
True
Is 187631 a composite number?
False
Is 50981 composite?
True
Is 4861 composite?
False
Is 41407 a composite number?
True
Is 70157 composite?
False
Is 15055 a composite number?
True
Is 377711 prime?
True
Is 187235 prime?
False
Is 674449 prime?
True
Is 22051 a prime number?
True
Is 5905 a composite number?
True
Is 2447 a prime number?
True
Is 24317 composite?
False
Is 10477 composite?
False
Is 1418 a prime number?
False
Is 189463 a prime number?
True
Is 25697 prime?
False
Is 147677 a composite number?
True
Is 435273 a composite number?
True
Is 1086889 prime?
False
Is 14369 prime?
True
Is 746737 a composite number?
False
Is 112183 a prime number?
False
Is 9720119 a composite number?
False
Is 33211 prime?
True
Is 595711 composite?
False
Is 297835 a composite number?
True
Is 15511 prime?
True
Is 183247 prime?
True
Is 3637 composite?
False
Is 23137 a composite number?
True
Is 2459 a prime number?
True
Is 4421 a composite number?
False
Is 3967 a prime number?
True
Is 609163 a prime number?
True
Is 4741 a composite number?
True
Is 71317 composite?
False
Is 157859 composite?
True
Is 557 composite?
False
Is 25913 a prime number?
True
Is 1255585 a composite number?
True
Is 8189 a composite number?
True
Is 29779 a prime number?
False
Is 388253 a composite number?
False
Is 10493 prime?
False
Is 61249 prime?
False
Is 220117 composite?
True
Is 68567 a prime number?
True
Is 144479 prime?
True
Is 580331 a prime number?
True
Is 109163 composite?
True
Is 676523 prime?
True
Is 2279 a prime number?
False
Is 568577 prime?
True
Is 5381 composite?
False
Is 29717 a composite number?
False
Is 71933 composite?
False
Is 135887 a composite number?
False
Is 1919 a composite number?
True
Is 56659 a prime number?
True
Is 19237 a prime number?
True
Is 101793 composite?
True
Is 6157 composite?
True
Is 407887 a composite number?
True
Is 1040509 composite?
True
Is 87379 a prime number?
False
Is 147311 a prime number?
True
Is 1961 composite?
True
Is 16106 a prime number?
False
Is 1725173 a composite number?
False
Is 688079 a composite number?
True
Is 56123 a composite number?
False
Is 344863 composite?
False
Is 224335 prime?
False
Is 83177 a prime number?
True
Is 287327 a prime number?
True
Is 3205 composite?
True
Is 73847 composite?
False
Is 2932447 composite?
True
Is 153262 a prime number?
False
Is 1186 a composite number?
True
Is 4853 composite?
True
Is 8251 prime?
False
Is 4009 a prime number?
False
Is 5033 prime?
False
Is 12197 prime?
True
Is 191303 composite?
True
Is 1727 prime?
False
Is 1205 a composite number?
True
Is 5149 a prime number?
False
Is 9239 prime?
True
Is 18613 prime?
False
Is 10487 composite?
False
Is 1249129 a prime number?
False
Is 6769 a composite number?
True
Is 286801 a prime number?
True
Is 208367 a composite number?
False
Is 9893 composite?
True
Is 31511 composite?
False
Is 10473 a prime number?
False
Is 2706877 composite?
True
Is 3095369 composite?
False
Is 37331 composite?
True
Is 99871 composite?
False
Is 329851 prime?
False
Is 606251 prime?
True
Is 14285 a prime number?
False
Is 1078559 a prime number?
True
Is 52463 a prime number?
False
Is 367397 composite?
False
Is 134303 prime?
False
Is 84831 a prime number?
False
Is 8519 a prime number?
False
Is 5557 a prime number?
True
Is 380263 prime?
False
Is 91223 a composite number?
True
Is 71131 composite?
True
Is 37435 a prime number?
False
Is 2101 a prime number?
False
Is 14961 composite?
True
Is 4499 composite?
True
Is 42821 prime?
True
Is 91651 composite?
True
Is 48407 a composite number?
False
Is 16333 prime?
True
Is 1058921 a prime number?
True
Is 5639 composite?
False
Is 8999 a prime number?
True
Is 521 a composite number?
False
Is 8133 a prime number?
False
Is 72389 a prime number?
False
Is 4553 prime?
False
Is 545 a composite number?
True
Is 361637 a composite number?
False
Is 143947 a composite number?
False
Is 398813 composite?
False
Is 28777 a prime number?
False
Is 14789 a composite number?
True
Is 139831 a composite number?
False
Is 7061 composite?
True
Is 1893 prime?
False
Is 3692021 a composite number?
False
Is 6857 a composite number?
False
Is 1889 a prime number?
True
Is 119687 a composite number?
False
Is 4955 a prime number?
False
Is 43649 a prime number?
True
Is 6241 a prime number?
False
Is 41197 composite?
True
Is 18269 composite?
False
Is 8513 prime?
True
Is 109717 composite?
False
Is 42739 composite?
True
Is 96047 prime?
False
Is 477449 a prime number?
False
Is 71913 a prime number?
False
Is 36973 composite?
False
Is 60191 composite?
True
Is 7817 prime?
True
Is 11623 composite?
True
Is 37273 a composite number?
False
Is 119359 a prime number?
True
Is 13567 a composite number?
False
Is 441557 a composite number?
False
Is 3193 a composite number?
True
Is 45233 prime?
True
Is 2767 a composite number?
False
Is 127991 composite?
True
Is 150109 a composite number?
True
Is 142223 composite?
False
Is 17509 composite?
False
Is 593 a composite number?
False
Is 12781 a prime number?
True
Is 109702 prime?
False
Is 1466 prime?
False
Is 667001 a composite number?
True
Is 177481 composite?
False
Is 259967 composite?
False
Is 129581 a composite number?
False
Is 3651 a composite number?
True
Is 7933 a composite number?
False
Is 20827 composite?
True
Is 52093 a prime number?
False
Is 28321 a composite number?
True
Is 143387 composite?
False
Is 32503 a prime number?
True
Is 9961 composite?
True
Is 316423 composite?
False
Is 487177 prime?
True
Is 10265 prime?
False
Is 3883 composite?
True
Is 31907 composite?
False
Is 167899 prime?
True
Is 6535 prime?
False
Is 157103 a composite number?
False
Is 177 prime?
False
Is 43391 composite?
False
Is 4861 composite?
False
Is 31457 prime?
False
Is 3871861 a prime number?
False
Is 85381 a prime number?
True
Is 46733 composite?
True
Is 171517 a composite number?
False
Is 6038 a composite number?
True
Is 877 a composite number?
False
Is 2257557 composite?
True
Is 48227 composite?
True
Is 4561 a composite number?
False
Is 265801 composite?
True
Is 39791 a composite number?
False
Is 3299 a composite number?
False
Is 1580771 a prime number?
True
Is 22429 a prime number?
False
Is 73819 prime?
True
Is 2789 prime?
True
Is 5579 a prime number?
False
Is 13997 prime?
True
Is 534283 composite?
False
Is 29179 composite?
False
Is 8131 prime?
False
Is 466145 a prime number?
False
Is 267959 prime?
True
Is 1126627 composite?
False
Is 3239 a prime number?
False
Is 301319 composite?
False
Is 38339 composite?
True
Is 64023 composite?
True
Is 261499 a composite number?
True
Is 1433587 prime?
True
Is 401701 a composite number?
True
Is 154487 a prime number?
True
Is 7909 composite?
True
Is 187601 composite?
True
Is 119693 composite?
True
Is 25249 a composite number?
True
Is 64847 prime?
False
Is 219 composite?
True
Is 5779 a composite number?
False
Is 23889 prime?
False
Is 7401 a prime number?
False
Is 4861 a prime number?
True
Is 76569 a composite number?
True
Is 18191 composite?
False
Is 9841 composite?
True
Is 4707809 prime?
True
Is 4413 prime?
False
Is 6029 composite?
False
Is 40301 a composite number?
True
Is 1945 a composite number?
True
Is 903701 prime?
True
Is 33639 a prime number?
False
Is 96893 a prime number?
True
Is 17851 composite?
False
Is 11771 a prime number?
False
Is 4783 composite?
False
Is 1150085 composite?
True
